{"id":6530,"date":"2023-08-26T20:16:45","date_gmt":"2023-08-26T20:16:45","guid":{"rendered":"https:\/\/ecommerce.paineldemonstrativo.com.br\/tema03\/?post_type=product&#038;p=6530"},"modified":"2023-08-26T20:17:23","modified_gmt":"2023-08-26T20:17:23","slug":"vela-ignicao-iridium-ngk-mitsubishi-eclipse-cross-1-5-16v-turbo-2019-2022-silkr7h8g","status":"publish","type":"product","link":"https:\/\/ecommerce.paineldemonstrativo.com.br\/tema03\/produto\/vela-ignicao-iridium-ngk-mitsubishi-eclipse-cross-1-5-16v-turbo-2019-2022-silkr7h8g\/","title":{"rendered":"VELA IGNI\u00c7\u00c3O IRIDIUM NGK MITSUBISHI ECLIPSE CROSS 1.5 16V TURBO 2019-2022 SILKR7H8G"},"content":{"rendered":"<div class=\"row padding-b-md\">\n<div class=\"product-description color-base-color-mdl font-size-xs\">\n<div class=\"h1 h2 h3 h4 h5 h5 p table ul dl\">\n<div class=\"productDescription\">Vela de igni\u00e7\u00e3o NGK Laser Iridium.<\/p>\n<p>Propriedades:<br \/>\n&#8211; Porca sextavada de 16,00mm;<br \/>\n&#8211; Di\u00e2metro da rosca de 12,00mm;<br \/>\n&#8211; Comprimento da rosca de 26,50mm.<br \/>\n&#8211; Grau t\u00e9rmico 7;<br \/>\n&#8211; Gap 0,8mm;<\/p>\n<p>Observa\u00e7\u00e3o:<br \/>\n&#8211; \u00c9 necess\u00e1rio confirmar a quantidade correta de velas utilizadas no ve\u00edculo.<\/p><\/div>\n<\/div>\n<\/div>\n<\/div>\n<div class=\"row padding-v-md\">\n<div class=\"product-specification h1 h2 h3 h4 h5 h6 p table ul dl\">\n<div class=\"vehicle-selection\">\n<div id=\"caracteristicas\">\n<h4 class=\"group Detalhes-do-Produto\">DETALHES DO PRODUTO<\/h4>\n<table class=\"group Detalhes-do-Produto\" cellspacing=\"0\">\n<tbody>\n<tr class=\"even\">\n<th class=\"name-field Unidade\">Unidade<\/th>\n<td class=\"value-field Unidade\">Pe\u00e7a<\/td>\n<\/tr>\n<tr>\n<th class=\"name-field Codigo-EAN\">C\u00f3digo EAN<\/th>\n<td class=\"value-field Codigo-EAN\">087295910306<\/td>\n<\/tr>\n<tr class=\"even\">\n<th class=\"name-field Fabricante\">Fabricante<\/th>\n<td class=\"value-field Fabricante\">NGK<\/td>\n<\/tr>\n<tr>\n<th class=\"name-field Codigo-OEM\">C\u00f3digo OEM<\/th>\n<td class=\"value-field Codigo-OEM\">1822A104<\/td>\n<\/tr>\n<tr class=\"even\">\n<th class=\"name-field Garantia\">Garantia<\/th>\n<td class=\"value-field Garantia\">3 meses<\/td>\n<\/tr>\n<\/tbody>\n<\/table>\n<\/div>\n<\/div>\n<div class=\"product-details\">\n<div id=\"caracteristicas\">\n<h4 class=\"group Selecao-Veiculo\">SELE\u00c7\u00c3O VE\u00cdCULO<\/h4>\n<table class=\"group Selecao-Veiculo\" cellspacing=\"0\">\n<tbody>\n<tr class=\"even\">\n<th class=\"name-field Ano\">Ano<\/th>\n<td class=\"value-field Ano\">2019, 2020, 2021, 2022<\/td>\n<\/tr>\n<tr>\n<th class=\"name-field Montadora\">Montadora<\/th>\n<td class=\"value-field Montadora\">Mitsubishi<\/td>\n<\/tr>\n<tr class=\"even\">\n<th class=\"name-field Modelo\">Modelo<\/th>\n<td class=\"value-field Modelo\">Eclipse Cross<\/td>\n<\/tr>\n<tr>\n<th class=\"name-field Versao\">Vers\u00e3o<\/th>\n<td class=\"value-field Versao\">Turbo<\/td>\n<\/tr>\n<tr class=\"even\">\n<th class=\"name-field Motorizacao\">Motoriza\u00e7\u00e3o<\/th>\n<td class=\"value-field Motorizacao\">1.5<\/td>\n<\/tr>\n<tr>\n<th class=\"name-field Valvulas\">V\u00e1lvulas<\/th>\n<td class=\"value-field Valvulas\">16v<\/td>\n<\/tr>\n<\/tbody>\n<\/table>\n<h4 class=\"group Informacoes-Adicionais\">INFORMA\u00c7\u00d5ES ADICIONAIS<\/h4>\n<table class=\"group Informacoes-Adicionais\" cellspacing=\"0\">\n<tbody>\n<tr class=\"even\">\n<th class=\"name-field Informacao-02\">Informa\u00e7\u00e3o 02<\/th>\n<td class=\"value-field Informacao-02\">SILKR7H8G<\/td>\n<\/tr>\n<\/tbody>\n<\/table>\n<\/div>\n<\/div>\n<\/div>\n<\/div>\n","protected":false},"excerpt":{"rendered":"<p>Vela de igni\u00e7\u00e3o NGK Laser Iridium. Propriedades: &#8211; Porca sextavada de 16,00mm; &#8211; Di\u00e2metro da rosca de 12,00mm; &#8211; Comprimento da rosca de 26,50mm. &#8211; Grau t\u00e9rmico 7; &#8211; Gap 0,8mm; Observa\u00e7\u00e3o: &#8211; \u00c9 necess\u00e1rio confirmar a quantidade correta de velas utilizadas no ve\u00edculo. DETALHES DO PRODUTO Unidade Pe\u00e7a C\u00f3digo EAN 087295910306 Fabricante NGK C\u00f3digo [&hellip;]<\/p>\n","protected":false},"featured_media":6531,"comment_status":"open","ping_status":"closed","template":"","meta":{"_joinchat":[]},"product_cat":[15],"product_tag":[],"class_list":["post-6530","product","type-product","status-publish","has-post-thumbnail","hentry","product_cat-exterior"],"_links":{"self":[{"href":"https:\/\/ecommerce.paineldemonstrativo.com.br\/tema03\/wp-json\/wp\/v2\/product\/6530"}],"collection":[{"href":"https:\/\/ecommerce.paineldemonstrativo.com.br\/tema03\/wp-json\/wp\/v2\/product"}],"about":[{"href":"https:\/\/ecommerce.paineldemonstrativo.com.br\/tema03\/wp-json\/wp\/v2\/types\/product"}],"replies":[{"embeddable":true,"href":"https:\/\/ecommerce.paineldemonstrativo.com.br\/tema03\/wp-json\/wp\/v2\/comments?post=6530"}],"version-history":[{"count":2,"href":"https:\/\/ecommerce.paineldemonstrativo.com.br\/tema03\/wp-json\/wp\/v2\/product\/6530\/revisions"}],"predecessor-version":[{"id":6533,"href":"https:\/\/ecommerce.paineldemonstrativo.com.br\/tema03\/wp-json\/wp\/v2\/product\/6530\/revisions\/6533"}],"wp:featuredmedia":[{"embeddable":true,"href":"https:\/\/ecommerce.paineldemonstrativo.com.br\/tema03\/wp-json\/wp\/v2\/media\/6531"}],"wp:attachment":[{"href":"https:\/\/ecommerce.paineldemonstrativo.com.br\/tema03\/wp-json\/wp\/v2\/media?parent=6530"}],"wp:term":[{"taxonomy":"product_cat","embeddable":true,"href":"https:\/\/ecommerce.paineldemonstrativo.com.br\/tema03\/wp-json\/wp\/v2\/product_cat?post=6530"},{"taxonomy":"product_tag","embeddable":true,"href":"https:\/\/ecommerce.paineldemonstrativo.com.br\/tema03\/wp-json\/wp\/v2\/product_tag?post=6530"}],"curies":[{"name":"wp","href":"https:\/\/api.w.org\/{rel}","templated":true}]}}